{"id":2000,"date":"2024-11-14T23:03:03","date_gmt":"2024-11-14T23:03:03","guid":{"rendered":"https:\/\/colegiofraymartin.edu.pe\/nportal\/?page_id=2000"},"modified":"2024-11-23T13:49:30","modified_gmt":"2024-11-23T13:49:30","slug":"puertas-abiertas","status":"publish","type":"page","link":"https:\/\/colegiofraymartin.edu.pe\/nportal\/puertas-abiertas\/","title":{"rendered":"Puertas Abiertas"},"content":{"rendered":"\t\t<div data-elementor-type=\"wp-page\" data-elementor-id=\"2000\" class=\"elementor elementor-2000\" data-elementor-post-type=\"page\">\n\t\t\t\t\t\t<section class=\"elementor-section elementor-top-section elementor-element elementor-element-98f62bd elementor-section-stretched elementor-section-height-min-height elementor-section-content-middle elementor-section-full_width elementor-section-height-default elementor-section-items-middle\" data-id=\"98f62bd\" data-element_type=\"section\" data-settings=\"{&quot;stretch_section&quot;:&quot;section-stretched&quot;,&quot;background_background&quot;:&quot;classic&quot;}\">\n\t\t\t\t\t\t<div class=\"elementor-container elementor-column-gap-default\">\n\t\t\t\t\t<div class=\"elementor-column elementor-col-100 elementor-top-column elementor-element elementor-element-9cc4732\" data-id=\"9cc4732\" data-element_type=\"column\" data-settings=\"{&quot;background_background&quot;:&quot;classic&quot;}\">\n\t\t\t<div class=\"elementor-widget-wrap elementor-element-populated\">\n\t\t\t\t\t<div class=\"elementor-background-overlay\"><\/div>\n\t\t\t\t\t\t<div class=\"elementor-element elementor-element-cca9059 elementor-widget elementor-widget-heading\" data-id=\"cca9059\" data-element_type=\"widget\" data-settings=\"{&quot;_animation_mobile&quot;:&quot;none&quot;}\" data-widget_type=\"heading.default\">\n\t\t\t\t<div class=\"elementor-widget-container\">\n\t\t\t\t\t<h3 class=\"elementor-heading-title elementor-size-default\">Colegio Fray Martin<\/h3>\t\t\t\t<\/div>\n\t\t\t\t<\/div>\n\t\t\t\t<div class=\"elementor-element elementor-element-fd1cbf5 premium-header-block premium-lq__none premium-box-lq__none elementor-widget elementor-widget-premium-addon-dual-header\" data-id=\"fd1cbf5\" data-element_type=\"widget\" data-widget_type=\"premium-addon-dual-header.default\">\n\t\t\t\t<div class=\"elementor-widget-container\">\n\t\t\t\t\t\n\t\t\t\t\t<h2 class=\"premium-dual-header-first-header  gradient\"><span class=\"premium-dual-header-first-span\">Open Day 2025 <\/span><span class=\"premium-dual-header-second-header \">\u00a1Descubre por qu\u00e9 Fray Mart\u00edn es excelencia acad\u00e9mica con valores\u00a0s\u00f3lidos!<\/span><\/h2> \t\t\n\t\t\t\t\t\t<\/div>\n\t\t\t\t<\/div>\n\t\t\t\t\t<\/div>\n\t\t<\/div>\n\t\t\t\t\t<\/div>\n\t\t<\/section>\n\t\t\t\t<section class=\"elementor-section elementor-top-section elementor-element elementor-element-9524deb elementor-section-full_width elementor-section-height-default elementor-section-height-default\" data-id=\"9524deb\" data-element_type=\"section\">\n\t\t\t\t\t\t<div class=\"elementor-container elementor-column-gap-default\">\n\t\t\t\t\t<div class=\"elementor-column elementor-col-100 elementor-top-column elementor-element elementor-element-29f26c2\" data-id=\"29f26c2\" data-element_type=\"column\">\n\t\t\t<div class=\"elementor-widget-wrap elementor-element-populated\">\n\t\t\t\t\t\t<div class=\"elementor-element elementor-element-c161068 premium-header-block premium-lq__none premium-box-lq__none elementor-widget elementor-widget-premium-addon-dual-header\" data-id=\"c161068\" data-element_type=\"widget\" data-widget_type=\"premium-addon-dual-header.default\">\n\t\t\t\t<div class=\"elementor-widget-container\">\n\t\t\t\t\t\n\t\t\t\t\t<h2 class=\"premium-dual-header-first-header \"><span class=\"premium-dual-header-first-span\">Jornada de Puertas Abiertas 2025 <\/span><span class=\"premium-dual-header-second-header \">Educaci\u00f3n que transforma vidas, valores que construyen futuros.<\/span><\/h2> \t\t\n\t\t\t\t\t\t<\/div>\n\t\t\t\t<\/div>\n\t\t\t\t\t<\/div>\n\t\t<\/div>\n\t\t\t\t\t<\/div>\n\t\t<\/section>\n\t\t\t\t<section class=\"elementor-section elementor-top-section elementor-element elementor-element-4256710 elementor-section-full_width elementor-section-height-default elementor-section-height-default\" data-id=\"4256710\" data-element_type=\"section\">\n\t\t\t\t\t\t<div class=\"elementor-container elementor-column-gap-default\">\n\t\t\t\t\t<div class=\"elementor-column elementor-col-50 elementor-top-column elementor-element elementor-element-6c45f28\" data-id=\"6c45f28\" data-element_type=\"column\">\n\t\t\t<div class=\"elementor-widget-wrap elementor-element-populated\">\n\t\t\t\t\t\t<div class=\"elementor-element elementor-element-a163ab4 elementor-widget elementor-widget-text-editor\" data-id=\"a163ab4\" data-element_type=\"widget\" data-widget_type=\"text-editor.default\">\n\t\t\t\t<div class=\"elementor-widget-container\">\n\t\t\t\t\t\t\t\t\t<p>\ud83d\ude4f Gracias, queridos padres e hijos, por acompa\u00f1arnos en este d\u00eda especial. \ud83d\udc99<br \/>Hoy exploramos juntos, participamos activamente, jugamos con alegr\u00eda y aprendimos con entusiasmo. \ud83c\udf1f Su visita no solo nos gratific\u00f3, sino que tambi\u00e9n fortaleci\u00f3 los lazos de valores, aprendizaje y comunidad.<\/p><p>\u2728 \u00a1Nos llena de orgullo ser parte de su camino educativo y compartir estos momentos que construyen el futuro!<\/p><p>\ud83c\udf93 Nos vemos pronto para seguir creciendo\u00a0juntos.<\/p>\t\t\t\t\t\t\t\t<\/div>\n\t\t\t\t<\/div>\n\t\t\t\t\t<\/div>\n\t\t<\/div>\n\t\t\t\t<div class=\"elementor-column elementor-col-50 elementor-top-column elementor-element elementor-element-4c09fbc\" data-id=\"4c09fbc\" data-element_type=\"column\">\n\t\t\t<div class=\"elementor-widget-wrap elementor-element-populated\">\n\t\t\t\t\t\t<div class=\"elementor-element elementor-element-cf16a3b elementor-widget elementor-widget-video\" data-id=\"cf16a3b\" data-element_type=\"widget\" data-settings=\"{&quot;autoplay&quot;:&quot;yes&quot;,&quot;play_on_mobile&quot;:&quot;yes&quot;,&quot;loop&quot;:&quot;yes&quot;,&quot;yt_privacy&quot;:&quot;yes&quot;,&quot;video_type&quot;:&quot;vimeo&quot;}\" data-widget_type=\"video.default\">\n\t\t\t\t<div class=\"elementor-widget-container\">\n\t\t\t\t\t\t\t<div class=\"elementor-wrapper elementor-open-inline\">\n\t\t\t<iframe class=\"elementor-video-iframe\" allowfullscreen allow=\"autoplay\" title=\"Reproductor de v\u00eddeo vimeo\" src=\"https:\/\/player.vimeo.com\/video\/1032624796?autoplay=1&amp;playsinline=1&amp;color&amp;autopause=0&amp;dnt=true&amp;loop=1&amp;muted=0&amp;title=1&amp;portrait=1&amp;byline=1#t=\"><\/iframe>\t\t<\/div>\n\t\t\t\t\t\t<\/div>\n\t\t\t\t<\/div>\n\t\t\t\t\t<\/div>\n\t\t<\/div>\n\t\t\t\t\t<\/div>\n\t\t<\/section>\n\t\t\t\t<section class=\"elementor-section elementor-top-section elementor-element elementor-element-a03407e elementor-section-full_width elementor-section-height-min-height elementor-section-items-stretch elementor-section-height-default\" data-id=\"a03407e\" data-element_type=\"section\" data-settings=\"{&quot;background_background&quot;:&quot;classic&quot;}\">\n\t\t\t\t\t\t<div class=\"elementor-container elementor-column-gap-no\">\n\t\t\t\t\t<div class=\"elementor-column elementor-col-50 elementor-top-column elementor-element elementor-element-22ac8ec\" data-id=\"22ac8ec\" data-element_type=\"column\">\n\t\t\t<div class=\"elementor-widget-wrap\">\n\t\t\t\t\t\t\t<\/div>\n\t\t<\/div>\n\t\t\t\t<div class=\"elementor-column elementor-col-50 elementor-top-column elementor-element elementor-element-9aba343\" data-id=\"9aba343\" data-element_type=\"column\">\n\t\t\t<div class=\"elementor-widget-wrap elementor-element-populated\">\n\t\t\t\t\t\t<div class=\"elementor-element elementor-element-f2df289 elementor-flip-box--effect-flip elementor-flip-box--direction-up elementor-widget elementor-widget-flip-box\" data-id=\"f2df289\" data-element_type=\"widget\" data-widget_type=\"flip-box.default\">\n\t\t\t\t<div class=\"elementor-widget-container\">\n\t\t\t\t\t\t\t<div class=\"elementor-flip-box\" tabindex=\"0\">\n\t\t\t<div class=\"elementor-flip-box__layer elementor-flip-box__front\">\n\t\t\t\t<div class=\"elementor-flip-box__layer__overlay\">\n\t\t\t\t\t<div class=\"elementor-flip-box__layer__inner\">\n\t\t\t\t\t\t\n\t\t\t\t\t\t\t\t\t\t\t\t\t<h3 class=\"elementor-flip-box__layer__title\">\n\t\t\t\t\t\t\t\t Open Day 2025 Colegio Fray Martin\t\t\t\t\t\t\t<\/h3>\n\t\t\t\t\t\t\n\t\t\t\t\t\t\t\t\t\t\t<\/div>\n\t\t\t\t<\/div>\n\t\t\t<\/div>\n\t\t\t<div class=\"elementor-flip-box__layer elementor-flip-box__back\">\n\t\t\t<div class=\"elementor-flip-box__layer__overlay\">\n\t\t\t\t<div class=\"elementor-flip-box__layer__inner\">\n\t\t\t\t\t\n\t\t\t\t\t\t\t\t\t\t\t<div class=\"elementor-flip-box__layer__description\">\n\t\t\t\t\t\t\tOpen Day 2025 Colegio Fray Martin.\nVen con tu familia , vive una clase modelo y descubre nuestra experiencia educativa. Viernes 22 de noviembre, 09 am.\t\t\t\t\t\t<\/div>\n\t\t\t\t\t\n\t\t\t\t\t\t\t\t<\/div>\n\t\t<\/div>\n\t\t<\/div>\n\t\t<\/div>\n\t\t\t\t\t\t<\/div>\n\t\t\t\t<\/div>\n\t\t\t\t\t<\/div>\n\t\t<\/div>\n\t\t\t\t\t<\/div>\n\t\t<\/section>\n\t\t\t\t<section class=\"elementor-section elementor-top-section elementor-element elementor-element-39ea1f0 elementor-section-full_width elementor-section-height-default elementor-section-height-default\" data-id=\"39ea1f0\" data-element_type=\"section\">\n\t\t\t\t\t\t<div class=\"elementor-container elementor-column-gap-default\">\n\t\t\t\t\t<div class=\"elementor-column elementor-col-50 elementor-top-column elementor-element elementor-element-29e31c8\" data-id=\"29e31c8\" data-element_type=\"column\">\n\t\t\t<div class=\"elementor-widget-wrap elementor-element-populated\">\n\t\t\t\t\t\t<div class=\"elementor-element elementor-element-9c4824e premium-header-block premium-box-lq__none elementor-widget elementor-widget-premium-addon-dual-header\" data-id=\"9c4824e\" data-element_type=\"widget\" data-widget_type=\"premium-addon-dual-header.default\">\n\t\t\t\t<div class=\"elementor-widget-container\">\n\t\t\t\t\t\n\t\t\t\t<a href=\"https:\/\/colegiofraymartin.edu.pe\/nportal\/puertas-abiertas\/\">\n\t\t\t\t\t<h3 class=\"premium-dual-header-first-header premium-dual-header-first-clip\"><span class=\"premium-dual-header-first-span\">Open Day 2025 Colegio Fray Mart\u00edn <\/span><span class=\"premium-dual-header-second-header \">Se realizo con \u00e9xito el 22 de noviembre<\/span><\/h3> \t\t\t\t<\/a>\n\t\t\n\t\t\t\t\t\t<\/div>\n\t\t\t\t<\/div>\n\t\t\t\t<div class=\"elementor-element elementor-element-9bf8df1 elementor-widget elementor-widget-text-editor\" data-id=\"9bf8df1\" data-element_type=\"widget\" data-widget_type=\"text-editor.default\">\n\t\t\t\t<div class=\"elementor-widget-container\">\n\t\t\t\t\t\t\t\t\t<p>Descubra la educaci\u00f3n excepcional que ofrece Colegio Fray Martin, con sus campus de \u00faltima generaci\u00f3n en Arequipa. \u00danase a nuestra jornada de puertas abiertas para conocer de primera mano todo lo que su hijo se puede beneficiar de nuestro colegio.<\/p><p>Nuestros \u201cOpen Days\u201d son la oportunidad perfecta para que los padres de los futuros alumnos puedan conocer a nuestros profesores expertos, y para realizar un recorrido por nuestras \u00a0instalaciones de vanguardia y espacios acogedores especialmente dise\u00f1ados para el bienestar y desempe\u00f1o ejemplar de nuestros alumnos. En nuestros\u00a0 campus, los ni\u00f1os cultivan sus talentos y reciben apoyo personalizado para alcanzar su m\u00e1ximo potencial en lo acad\u00e9mico, los deportes y las artes.<\/p><p>Descubra c\u00f3mo nuestra educaci\u00f3n transformadora puede preparar a su hijo para una vida de \u00e9xito, capacit\u00e1ndolo para obtener resultados excepcionales, alcanzar sus metas m\u00e1s ambiciosas y progresar hacia la universidad y carrera profesional de sus sue\u00f1os.<\/p><p>Reserve ya su plaza para asistir a las pr\u00f3ximas jornadas de puertas abiertas.<\/p>\t\t\t\t\t\t\t\t<\/div>\n\t\t\t\t<\/div>\n\t\t\t\t\t<\/div>\n\t\t<\/div>\n\t\t\t\t<div class=\"elementor-column elementor-col-50 elementor-top-column elementor-element elementor-element-2945cd3\" data-id=\"2945cd3\" data-element_type=\"column\">\n\t\t\t<div class=\"elementor-widget-wrap elementor-element-populated\">\n\t\t\t\t\t\t<div class=\"elementor-element elementor-element-e674aca elementor-widget elementor-widget-video\" data-id=\"e674aca\" data-element_type=\"widget\" data-settings=\"{&quot;youtube_url&quot;:&quot;https:\\\/\\\/youtu.be\\\/9of3I7rvSxQ&quot;,&quot;yt_privacy&quot;:&quot;yes&quot;,&quot;video_type&quot;:&quot;youtube&quot;,&quot;controls&quot;:&quot;yes&quot;}\" data-widget_type=\"video.default\">\n\t\t\t\t<div class=\"elementor-widget-container\">\n\t\t\t\t\t\t\t<div class=\"elementor-wrapper elementor-open-inline\">\n\t\t\t<div class=\"elementor-video\"><\/div>\t\t<\/div>\n\t\t\t\t\t\t<\/div>\n\t\t\t\t<\/div>\n\t\t\t\t\t<\/div>\n\t\t<\/div>\n\t\t\t\t\t<\/div>\n\t\t<\/section>\n\t\t\t\t<section class=\"elementor-section elementor-top-section elementor-element elementor-element-04c9603 elementor-section-full_width elementor-hidden-desktop elementor-hidden-tablet elementor-hidden-mobile elementor-section-height-default elementor-section-height-default\" data-id=\"04c9603\" data-element_type=\"section\">\n\t\t\t\t\t\t<div class=\"elementor-container elementor-column-gap-default\">\n\t\t\t\t\t<div class=\"elementor-column elementor-col-100 elementor-top-column elementor-element elementor-element-be35223\" data-id=\"be35223\" data-element_type=\"column\">\n\t\t\t<div class=\"elementor-widget-wrap elementor-element-populated\">\n\t\t\t\t\t\t<div class=\"elementor-element elementor-element-4f4acc8 elementor-widget elementor-widget-image\" data-id=\"4f4acc8\" data-element_type=\"widget\" data-widget_type=\"image.default\">\n\t\t\t\t<div class=\"elementor-widget-container\">\n\t\t\t\t\t\t\t\t\t\t\t\t\t\t\t<img fetchpriority=\"high\" decoding=\"async\" width=\"640\" height=\"640\" src=\"https:\/\/colegiofraymartin.edu.pe\/nportal\/wp-content\/uploads\/2024\/11\/465654619_122190406964083959_6593793947450309180_n-1024x1024.jpg\" class=\"attachment-large size-large wp-image-2006\" alt=\"\" srcset=\"https:\/\/colegiofraymartin.edu.pe\/nportal\/wp-content\/uploads\/2024\/11\/465654619_122190406964083959_6593793947450309180_n-1024x1024.jpg 1024w, https:\/\/colegiofraymartin.edu.pe\/nportal\/wp-content\/uploads\/2024\/11\/465654619_122190406964083959_6593793947450309180_n-300x300.jpg 300w, https:\/\/colegiofraymartin.edu.pe\/nportal\/wp-content\/uploads\/2024\/11\/465654619_122190406964083959_6593793947450309180_n-150x150.jpg 150w, https:\/\/colegiofraymartin.edu.pe\/nportal\/wp-content\/uploads\/2024\/11\/465654619_122190406964083959_6593793947450309180_n-768x768.jpg 768w, https:\/\/colegiofraymartin.edu.pe\/nportal\/wp-content\/uploads\/2024\/11\/465654619_122190406964083959_6593793947450309180_n.jpg 1080w\" sizes=\"(max-width: 640px) 100vw, 640px\" \/>\t\t\t\t\t\t\t\t\t\t\t\t\t\t\t<\/div>\n\t\t\t\t<\/div>\n\t\t\t\t\t<\/div>\n\t\t<\/div>\n\t\t\t\t\t<\/div>\n\t\t<\/section>\n\t\t\t\t<\/div>\n\t\t","protected":false},"excerpt":{"rendered":"<p>Colegio Fray Martin Open Day 2025 \u00a1Descubre por qu\u00e9 Fray Mart\u00edn es excelencia acad\u00e9mica con valores\u00a0s\u00f3lidos! Jornada de Puertas Abiertas 2025 Educaci\u00f3n que transforma vidas, valores que construyen futuros. \ud83d\ude4f Gracias, queridos padres e hijos, por acompa\u00f1arnos en este d\u00eda especial. \ud83d\udc99Hoy exploramos juntos, participamos activamente, jugamos con alegr\u00eda y aprendimos con entusiasmo. \ud83c\udf1f Su visita no solo nos gratific\u00f3, [&hellip;]<\/p>\n","protected":false},"author":2,"featured_media":0,"parent":0,"menu_order":0,"comment_status":"closed","ping_status":"closed","template":"elementor_header_footer","meta":{"_joinchat":[],"footnotes":""},"class_list":["post-2000","page","type-page","status-publish","hentry"],"yoast_head":"<!-- This site is optimized with the Yoast SEO plugin v26.1.1 - https:\/\/yoast.com\/wordpress\/plugins\/seo\/ -->\n<title>Puertas Abiertas - Colegio Fray Martin<\/title>\n<meta name=\"robots\" content=\"index, follow, max-snippet:-1, max-image-preview:large, max-video-preview:-1\" \/>\n<link rel=\"canonical\" href=\"https:\/\/colegiofraymartin.edu.pe\/nportal\/puertas-abiertas\/\" \/>\n<meta property=\"og:locale\" content=\"es_ES\" \/>\n<meta property=\"og:type\" content=\"article\" \/>\n<meta property=\"og:title\" content=\"Puertas Abiertas - Colegio Fray Martin\" \/>\n<meta property=\"og:description\" content=\"Colegio Fray Martin Open Day 2025 \u00a1Descubre por qu\u00e9 Fray Mart\u00edn es excelencia acad\u00e9mica con valores\u00a0s\u00f3lidos! Jornada de Puertas Abiertas 2025 Educaci\u00f3n que transforma vidas, valores que construyen futuros. \ud83d\ude4f Gracias, queridos padres e hijos, por acompa\u00f1arnos en este d\u00eda especial. \ud83d\udc99Hoy exploramos juntos, participamos activamente, jugamos con alegr\u00eda y aprendimos con entusiasmo. \ud83c\udf1f Su visita no solo nos gratific\u00f3, [&hellip;]\" \/>\n<meta property=\"og:url\" content=\"https:\/\/colegiofraymartin.edu.pe\/nportal\/puertas-abiertas\/\" \/>\n<meta property=\"og:site_name\" content=\"Colegio Fray Martin\" \/>\n<meta property=\"article:publisher\" content=\"https:\/\/www.facebook.com\/profile.php?id=61552163747963&amp;locale=es_LA\" \/>\n<meta property=\"article:modified_time\" content=\"2024-11-23T13:49:30+00:00\" \/>\n<meta property=\"og:image\" content=\"https:\/\/colegiofraymartin.edu.pe\/nportal\/wp-content\/uploads\/2024\/11\/465654619_122190406964083959_6593793947450309180_n.jpg\" \/>\n\t<meta property=\"og:image:width\" content=\"1080\" \/>\n\t<meta property=\"og:image:height\" content=\"1080\" \/>\n\t<meta property=\"og:image:type\" content=\"image\/jpeg\" \/>\n<meta name=\"twitter:card\" content=\"summary_large_image\" \/>\n<meta name=\"twitter:label1\" content=\"Tiempo de lectura\" \/>\n\t<meta name=\"twitter:data1\" content=\"3 minutos\" \/>\n<script type=\"application\/ld+json\" class=\"yoast-schema-graph\">{\"@context\":\"https:\/\/schema.org\",\"@graph\":[{\"@type\":\"WebPage\",\"@id\":\"https:\/\/colegiofraymartin.edu.pe\/nportal\/puertas-abiertas\/\",\"url\":\"https:\/\/colegiofraymartin.edu.pe\/nportal\/puertas-abiertas\/\",\"name\":\"Puertas Abiertas - Colegio Fray Martin\",\"isPartOf\":{\"@id\":\"https:\/\/colegiofraymartin.edu.pe\/nportal\/#website\"},\"primaryImageOfPage\":{\"@id\":\"https:\/\/colegiofraymartin.edu.pe\/nportal\/puertas-abiertas\/#primaryimage\"},\"image\":{\"@id\":\"https:\/\/colegiofraymartin.edu.pe\/nportal\/puertas-abiertas\/#primaryimage\"},\"thumbnailUrl\":\"https:\/\/colegiofraymartin.edu.pe\/nportal\/wp-content\/uploads\/2024\/11\/465654619_122190406964083959_6593793947450309180_n-1024x1024.jpg\",\"datePublished\":\"2024-11-14T23:03:03+00:00\",\"dateModified\":\"2024-11-23T13:49:30+00:00\",\"breadcrumb\":{\"@id\":\"https:\/\/colegiofraymartin.edu.pe\/nportal\/puertas-abiertas\/#breadcrumb\"},\"inLanguage\":\"es\",\"potentialAction\":[{\"@type\":\"ReadAction\",\"target\":[\"https:\/\/colegiofraymartin.edu.pe\/nportal\/puertas-abiertas\/\"]}]},{\"@type\":\"ImageObject\",\"inLanguage\":\"es\",\"@id\":\"https:\/\/colegiofraymartin.edu.pe\/nportal\/puertas-abiertas\/#primaryimage\",\"url\":\"https:\/\/colegiofraymartin.edu.pe\/nportal\/wp-content\/uploads\/2024\/11\/465654619_122190406964083959_6593793947450309180_n.jpg\",\"contentUrl\":\"https:\/\/colegiofraymartin.edu.pe\/nportal\/wp-content\/uploads\/2024\/11\/465654619_122190406964083959_6593793947450309180_n.jpg\",\"width\":1080,\"height\":1080},{\"@type\":\"BreadcrumbList\",\"@id\":\"https:\/\/colegiofraymartin.edu.pe\/nportal\/puertas-abiertas\/#breadcrumb\",\"itemListElement\":[{\"@type\":\"ListItem\",\"position\":1,\"name\":\"Portada\",\"item\":\"https:\/\/colegiofraymartin.edu.pe\/nportal\/\"},{\"@type\":\"ListItem\",\"position\":2,\"name\":\"Puertas Abiertas\"}]},{\"@type\":\"WebSite\",\"@id\":\"https:\/\/colegiofraymartin.edu.pe\/nportal\/#website\",\"url\":\"https:\/\/colegiofraymartin.edu.pe\/nportal\/\",\"name\":\"Colegio Fray Martin\",\"description\":\"Amor, Trabajo y Disciplina\",\"publisher\":{\"@id\":\"https:\/\/colegiofraymartin.edu.pe\/nportal\/#organization\"},\"potentialAction\":[{\"@type\":\"SearchAction\",\"target\":{\"@type\":\"EntryPoint\",\"urlTemplate\":\"https:\/\/colegiofraymartin.edu.pe\/nportal\/?s={search_term_string}\"},\"query-input\":{\"@type\":\"PropertyValueSpecification\",\"valueRequired\":true,\"valueName\":\"search_term_string\"}}],\"inLanguage\":\"es\"},{\"@type\":\"Organization\",\"@id\":\"https:\/\/colegiofraymartin.edu.pe\/nportal\/#organization\",\"name\":\"Colegio Fray Martin\",\"url\":\"https:\/\/colegiofraymartin.edu.pe\/nportal\/\",\"logo\":{\"@type\":\"ImageObject\",\"inLanguage\":\"es\",\"@id\":\"https:\/\/colegiofraymartin.edu.pe\/nportal\/#\/schema\/logo\/image\/\",\"url\":\"https:\/\/colegiofraymartin.edu.pe\/nportal\/wp-content\/uploads\/2023\/08\/TERCERA-INSIGNIA.png\",\"contentUrl\":\"https:\/\/colegiofraymartin.edu.pe\/nportal\/wp-content\/uploads\/2023\/08\/TERCERA-INSIGNIA.png\",\"width\":512,\"height\":588,\"caption\":\"Colegio Fray Martin\"},\"image\":{\"@id\":\"https:\/\/colegiofraymartin.edu.pe\/nportal\/#\/schema\/logo\/image\/\"},\"sameAs\":[\"https:\/\/www.facebook.com\/profile.php?id=61552163747963&locale=es_LA\"]}]}<\/script>\n<!-- \/ Yoast SEO plugin. -->","yoast_head_json":{"title":"Puertas Abiertas - Colegio Fray Martin","robots":{"index":"index","follow":"follow","max-snippet":"max-snippet:-1","max-image-preview":"max-image-preview:large","max-video-preview":"max-video-preview:-1"},"canonical":"https:\/\/colegiofraymartin.edu.pe\/nportal\/puertas-abiertas\/","og_locale":"es_ES","og_type":"article","og_title":"Puertas Abiertas - Colegio Fray Martin","og_description":"Colegio Fray Martin Open Day 2025 \u00a1Descubre por qu\u00e9 Fray Mart\u00edn es excelencia acad\u00e9mica con valores\u00a0s\u00f3lidos! Jornada de Puertas Abiertas 2025 Educaci\u00f3n que transforma vidas, valores que construyen futuros. \ud83d\ude4f Gracias, queridos padres e hijos, por acompa\u00f1arnos en este d\u00eda especial. \ud83d\udc99Hoy exploramos juntos, participamos activamente, jugamos con alegr\u00eda y aprendimos con entusiasmo. \ud83c\udf1f Su visita no solo nos gratific\u00f3, [&hellip;]","og_url":"https:\/\/colegiofraymartin.edu.pe\/nportal\/puertas-abiertas\/","og_site_name":"Colegio Fray Martin","article_publisher":"https:\/\/www.facebook.com\/profile.php?id=61552163747963&locale=es_LA","article_modified_time":"2024-11-23T13:49:30+00:00","og_image":[{"width":1080,"height":1080,"url":"https:\/\/colegiofraymartin.edu.pe\/nportal\/wp-content\/uploads\/2024\/11\/465654619_122190406964083959_6593793947450309180_n.jpg","type":"image\/jpeg"}],"twitter_card":"summary_large_image","twitter_misc":{"Tiempo de lectura":"3 minutos"},"schema":{"@context":"https:\/\/schema.org","@graph":[{"@type":"WebPage","@id":"https:\/\/colegiofraymartin.edu.pe\/nportal\/puertas-abiertas\/","url":"https:\/\/colegiofraymartin.edu.pe\/nportal\/puertas-abiertas\/","name":"Puertas Abiertas - Colegio Fray Martin","isPartOf":{"@id":"https:\/\/colegiofraymartin.edu.pe\/nportal\/#website"},"primaryImageOfPage":{"@id":"https:\/\/colegiofraymartin.edu.pe\/nportal\/puertas-abiertas\/#primaryimage"},"image":{"@id":"https:\/\/colegiofraymartin.edu.pe\/nportal\/puertas-abiertas\/#primaryimage"},"thumbnailUrl":"https:\/\/colegiofraymartin.edu.pe\/nportal\/wp-content\/uploads\/2024\/11\/465654619_122190406964083959_6593793947450309180_n-1024x1024.jpg","datePublished":"2024-11-14T23:03:03+00:00","dateModified":"2024-11-23T13:49:30+00:00","breadcrumb":{"@id":"https:\/\/colegiofraymartin.edu.pe\/nportal\/puertas-abiertas\/#breadcrumb"},"inLanguage":"es","potentialAction":[{"@type":"ReadAction","target":["https:\/\/colegiofraymartin.edu.pe\/nportal\/puertas-abiertas\/"]}]},{"@type":"ImageObject","inLanguage":"es","@id":"https:\/\/colegiofraymartin.edu.pe\/nportal\/puertas-abiertas\/#primaryimage","url":"https:\/\/colegiofraymartin.edu.pe\/nportal\/wp-content\/uploads\/2024\/11\/465654619_122190406964083959_6593793947450309180_n.jpg","contentUrl":"https:\/\/colegiofraymartin.edu.pe\/nportal\/wp-content\/uploads\/2024\/11\/465654619_122190406964083959_6593793947450309180_n.jpg","width":1080,"height":1080},{"@type":"BreadcrumbList","@id":"https:\/\/colegiofraymartin.edu.pe\/nportal\/puertas-abiertas\/#breadcrumb","itemListElement":[{"@type":"ListItem","position":1,"name":"Portada","item":"https:\/\/colegiofraymartin.edu.pe\/nportal\/"},{"@type":"ListItem","position":2,"name":"Puertas Abiertas"}]},{"@type":"WebSite","@id":"https:\/\/colegiofraymartin.edu.pe\/nportal\/#website","url":"https:\/\/colegiofraymartin.edu.pe\/nportal\/","name":"Colegio Fray Martin","description":"Amor, Trabajo y Disciplina","publisher":{"@id":"https:\/\/colegiofraymartin.edu.pe\/nportal\/#organization"},"potentialAction":[{"@type":"SearchAction","target":{"@type":"EntryPoint","urlTemplate":"https:\/\/colegiofraymartin.edu.pe\/nportal\/?s={search_term_string}"},"query-input":{"@type":"PropertyValueSpecification","valueRequired":true,"valueName":"search_term_string"}}],"inLanguage":"es"},{"@type":"Organization","@id":"https:\/\/colegiofraymartin.edu.pe\/nportal\/#organization","name":"Colegio Fray Martin","url":"https:\/\/colegiofraymartin.edu.pe\/nportal\/","logo":{"@type":"ImageObject","inLanguage":"es","@id":"https:\/\/colegiofraymartin.edu.pe\/nportal\/#\/schema\/logo\/image\/","url":"https:\/\/colegiofraymartin.edu.pe\/nportal\/wp-content\/uploads\/2023\/08\/TERCERA-INSIGNIA.png","contentUrl":"https:\/\/colegiofraymartin.edu.pe\/nportal\/wp-content\/uploads\/2023\/08\/TERCERA-INSIGNIA.png","width":512,"height":588,"caption":"Colegio Fray Martin"},"image":{"@id":"https:\/\/colegiofraymartin.edu.pe\/nportal\/#\/schema\/logo\/image\/"},"sameAs":["https:\/\/www.facebook.com\/profile.php?id=61552163747963&locale=es_LA"]}]}},"_links":{"self":[{"href":"https:\/\/colegiofraymartin.edu.pe\/nportal\/wp-json\/wp\/v2\/pages\/2000","targetHints":{"allow":["GET"]}}],"collection":[{"href":"https:\/\/colegiofraymartin.edu.pe\/nportal\/wp-json\/wp\/v2\/pages"}],"about":[{"href":"https:\/\/colegiofraymartin.edu.pe\/nportal\/wp-json\/wp\/v2\/types\/page"}],"author":[{"embeddable":true,"href":"https:\/\/colegiofraymartin.edu.pe\/nportal\/wp-json\/wp\/v2\/users\/2"}],"replies":[{"embeddable":true,"href":"https:\/\/colegiofraymartin.edu.pe\/nportal\/wp-json\/wp\/v2\/comments?post=2000"}],"version-history":[{"count":112,"href":"https:\/\/colegiofraymartin.edu.pe\/nportal\/wp-json\/wp\/v2\/pages\/2000\/revisions"}],"predecessor-version":[{"id":2181,"href":"https:\/\/colegiofraymartin.edu.pe\/nportal\/wp-json\/wp\/v2\/pages\/2000\/revisions\/2181"}],"wp:attachment":[{"href":"https:\/\/colegiofraymartin.edu.pe\/nportal\/wp-json\/wp\/v2\/media?parent=2000"}],"curies":[{"name":"wp","href":"https:\/\/api.w.org\/{rel}","templated":true}]}}